. List the prime factors of v.
5, 7
Let t be 16/6*3/2. Suppose -5*k + 384 = -t*o, -4*k - 3*o - 2*o = -340. What are the prime factors of k?
2, 5
Suppose 2713*v + 4500 = 2723*v. What are the prime factors of v?
2, 3, 5
Let x = 95 - 68. List the prime factors of -2 + 48/x + 1552/18.
2, 43
Suppose -4*j - 4*h + 189 = -175, -5*j = 3*h - 463. List the prime factors of j.
5, 19
Let i = -362 + 848. What are the prime factors of i?
2, 3
Let z(k) = 1. Let b(j) = j**2 + 9*j + 16. Let g(h) = -b(h) + 5*z(h). Let w be g(-6). Let d = 17 - w. List the prime factors of d.
2, 5
Suppose -v + 6 = -0. Let r(q) = q + 13. Let u be r(-4). Suppose 0*b - u = -3*h + 2*b, -2*b + v = 2*h. List the prime factors of h.
3
Let s(m) = -55*m + 1193. List the prime factors of s(0).
1193
Let d be (8/(-6)*1)/(26/(-117)). Suppose d*j = f + j + 3, -5*f = 3*j - 97. List the prime factors of f.
17
Suppose -10 + 30 = 10*t. Suppose 5*o - 331 = 2*b, -t*o + 6*o + 5*b - 278 = 0. What are the prime factors of o?
67
Let g = 377 - -765. What are the prime factors of g?
2, 571
Let f(q) = q**3 + 23*q**2 - 13*q - 28. List the prime factors of f(-21).
7, 23
Let h(f) = -f**2 - 4*f + 3. Let y be h(-5). Let n be -13 + 10 - (-24)/2. What are the prime factors of (9/(n/(-92)))/y?
2, 23
Let j(c) = 3 - 2 + 3 - c. Suppose -n = 2*n, -5*n - 8 = i. List the prime factors of j(i).
2, 3
Suppose 3*i - 3*y = -229 + 1117, -5*i - 3*y = -1488. What are the prime factors of i?
3, 11
Let k = -5 - 9. Let n = k + 8. Let t(b) = -b**2 - 9*b - 7. What are the prime factors of t(n)?
11
Let i = 1 - -40. Suppose -2 = -o + i. List the prime factors of o.
43
Let p = 5133 - 2636. What are the prime factors of p?
11, 227
Suppose 8995 - 2099 = 8*s. What are the prime factors of s?
2, 431
What are the prime factors of (-1*1)/(8/(-56)) + 1714?
1721
Suppose 0 = 5*f - 5*m - 12120, -2*m = 5*f - 2650 - 9449. List the prime factors of f.
3, 269
Suppose 3*p - 280 = -s, -9*s + 5*p = -7*s - 549. List the prime factors of s.
277
Suppose 0 = 3*o - 2*l + 15 - 73, -5*l = 2*o - 7. Let n = o + -12. What are the prime factors of n + 8/2 + -3?
5
Suppose -4*s + 2293 + 727 = 4*o, 4*o - 3056 = 5*s. What are the prime factors of o?
3, 11, 23
Suppose 28*q - 1283 = -3*h + 27*q, h = 2*q + 423. What are the prime factors of h?
7, 61
Suppose 21 = 5*x - o, -4*x + 2*o = o - 16. Suppose 0 = -3*v + x*v - 42. List the prime factors of v.
3, 7
Let m = -1 - -3. Suppose 5*z - 4*f = 223, 2*z - 5*z - m*f = -125. What are the prime factors of z?
43
Suppose -2*m + 4*y + 24 = 0, -m = -y - 1 - 6. Suppose -2 = -m*f + f. Let x = f + 7. List the prime factors of x.
3
Let d(n) = 4*n**2 - 5*n - 2. Let a(m) = -m**2 + m. Let f(w) = -3*a(w) - d(w). Let q be f(6). Let l = q + 47. List the prime factors of l.
5
Let x(v) = -6*v - 5. Let i be x(5). Let d be (155/20)/((-15)/60). Let h = d - i. What are the prime factors of h?
2
Let s be 267/(-2) - 1/10*5. Let p = s + 234. List the prime factors of p.
2, 5
Let u(p) be the first derivative of p**2 + 4*p - 2. Let x be u(-2). What are the prime factors of -30*(1 + x)*-1?
2, 3, 5
Let m be (-1)/4 + (-8002)/(-8). Suppose -5*d + m = -d. Suppose -n - d - 6 = -4*r, n = 3*r - 191. List the prime factors of r.
5, 13
Let t = -302 + 72. List the prime factors of (1/(-5) + (-161)/t)*642.
3, 107
Let i = -393 - -408. What are the prime factors of i?
3, 5
Let j be (6/(-15))/((-2)/10). Suppose 0 = 4*c - j*c - 160. Suppose -6*a = -2*a - c. What are the prime factors of a?
2, 5
Let f be 15/6 - 2/(-4). Suppose 0 = -f*r + 34 + 44. Suppose v - r = 14. List the prime factors of v.
2, 5
Let g = -235 + 551. List the prime factors of g.
2, 79
Let z(i) = -17*i + 1. Let a = -19 + 21. Suppose -a*t - t = 3. List the prime factors of z(t).
2, 3
Let p(n) = -3*n**2 - 4*n + 1. Let u(i) = -4*i**2 - 5*i + 1. Let s(g) = 3*p(g) - 2*u(g). Let m be s(-4). Let j = m - -9. List the prime factors of j.
2
Let m(b) = -b**2 - 6*b + 3. Let i be m(-6). Suppose -2 = -i*l + 7. Suppose g - 3*p + 7*p = 34, -3*p - l = 0. List the prime factors of g.
2, 19
Let z = 347 - -511. List the prime factors of z.
2, 3, 11, 13
Suppose 4*n - 724 = -108. Suppose -5*u + 15 = 0, -a + 2*u = -2*u - n. What are the prime factors of a?
2, 83
Let d(n) = 22*n**2 - n - 2. Let y(k) = 23*k**2 - 2*k - 3. Let x(m) = -3*d(m) + 2*y(m). Let l be x(1). Let w = -8 - l. What are the prime factors of w?
13
Let m be 4/(-12)*(-498 - 3). Suppose -9*l = -382 - m. List the prime factors of l.
61
Let m be 3/(-6)*2 - 0. Let l be m*-3*148/(-12). Let v = 86 + l. List the prime factors of v.
7
Let n be (2/9 + 5/18)*6. Let p = 20 + n. List the prime factors of p.
23
Suppose 0 = 2*v + 65 + 19. What are the prime factors of (1/(-2))/((-7)/v) - -99?
2, 3
What are the prime factors of 624/(-4 + 77/14)?
2, 13
List the prime factors of (-72)/90 - (26708/(-10) + -1).
2671
Let c(o) = 3*o - 8. Let v be c(4). Let n = -14 + v. Let j(d) = 2*d**2 + 15*d + 4. What are the prime factors of j(n)?
2, 3
Suppose 6*u = 3*u + 24. Let z(p) = 11 + 12 + 15 + 9*p - 55 - 1. What are the prime factors of z(u)?
2, 3
Let w be ((-4)/3)/((-12)/306). Let h = -9 + 15. Let k = w - h. What are the prime factors of k?
2, 7
Suppose -h + 122 = v + 2*h, 3*v - 314 = 4*h. What are the prime factors of v?
2, 5, 11
Let a(u) be the second derivative of -u**3/6 - 2*u**2 - 2*u. Let c be a(-2). Let w = c - -18. List the prime factors of w.
2
Let a(m) = m**3 + 3*m**2 - 5*m - 2. Let d be a(5). Let q = d + -72. List the prime factors of q.
101
Suppose -62 = -3*f - 14. Suppose 10*p - 5*p - f = -2*b, -5*b = 4*p - 74. Suppose -h + b = -7. What are the prime factors of h?
5
Let c be (-22)/((-4)/6*-3). Let a(i) = 19*i**2 - 1. Let z be a(1). Let q = z + c. What are the prime factors of q?
7
List the prime factors of (-4)/(-16)*-4 + 379.
2, 3, 7
Let t(w) = -w**2 + 2*w. Let i be t(4). What are the prime factors of (-4)/i*-4*642/(-6)?
2, 107
Let l(h) = -22*h - 5. Let w = -63 - -58. What are the prime factors of l(w)?
3, 5, 7
Let w(n) = n**3 - 9*n**2 + 18*n + 16. Let f be w(9). Let r = f - 53. What are the prime factors of r?
5
Let p(w) = 2*w**2 + w - 3. Let x be p(-2). Suppose -3*a - 30 = 3*n, x*a + 8 = -a. List the prime factors of (68/5)/(n/(-20)).
2, 17
Let a(c) = -c + 9. Suppose 2*g - 10 = 2. Let v be a(g). What are the prime factors of 17/(0 - v - -4)?
17
Suppose 2*q - 7*a = -2*a, -4*q - 2*a = 0. Suppose q = -5*n - 0*n + 85. What are the prime factors of n?
17
Let n be 1/4 - 19/(-4). Suppose -5 = 4*h - 5*a, 0 = -5*h - n*a + 13 + 37. Suppose -2*g = -0*g - h*q - 56, 2*q = 3*g - 62. List the prime factors of g.
2, 3
Let u = 6 + -4. Let h(q) = -8*q - 119. Let b be h(-13). What are the prime factors of (-370)/b*3/u?
37
Let t(h) = 5*h**3 + 8*h**2 + 7*h + 19. What are the prime factors of t(6)?
1429
Suppose 2 = x - 0*x. Suppose k - x*k = -3*u - 133, 0 = -4*u. What are the prime factors of k?
7, 19
Suppose -3*h + 41 = b - 400, b - 3*h - 459 = 0. What are the prime factors of b?
2, 3, 5
Let j(x) = -73*x**3 - x + 1. Let p be j(1). Let n = -34 - p. Let r = n + 2. List the prime factors of r.
41
Let n be -1*(-2)/4*10. Let o(c) = 3*c - 11. Let h be o(n). Suppose -p + h = -33. List the prime factors of p.
37
Suppose 0*c - 100 = -c - 5*b, 0 = -4*c - 3*b + 434. Suppose 3*d + l = -l + 310, 2*l - c = -d. What are the prime factors of d?
2, 5
Suppose 0 = -38*m + 40*m - 2234. What are the prime factors of m?
1117
Suppose -19*w - 2105 = -2*f - 20*w, 2*w = 4*f - 4230. What are the prime factors of f?
5, 211
Suppose 12*n + 5*q = 11*n + 4320, -5*n + 21690 = -5*q. List the prime factors of n.
3, 5, 17
Let j(a) = 209*a - 15. List the prime factors of j(3).
2, 3, 17
Let n be 33/(-2)*10/15. Let l be 4/(-10) - (-78)/(-5). Let h = n - l. List the prime factors of h.
5
Let s be 40/16 - (-3)/2. Suppose 3*x + 272 = s*x. Suppose x = 5*b - b. What are the prime factors of b?
2, 17
Suppose 0 = -4*b + 2*w + 6866, 2*w + 2*w - 20 = 0. List the prime factors of b.
3, 191
What are the prime factors of (-6 - -4)*4865/(-14)?
5, 139
Let t(y) = -160*y - 2. Suppose -6*m - 7 = -1. List the prime factors of t(m).
2, 79
Let j = -7 - -15. Suppose -4*v = u + 51, 5*u - 81 = -4*v + j*v. Let o = v + 24. List the prime factors of o.
2, 5
Let d(o) = 4*o**2 + 29*o + 203. List the prime factors of d(-19).
2, 137
Suppose -5*w + 29*h =